{"id":507,"date":"2021-03-20T22:28:13","date_gmt":"2021-03-20T22:28:13","guid":{"rendered":"https:\/\/www.oceanodecontemplacion.com\/?page_id=507"},"modified":"2021-04-24T23:40:43","modified_gmt":"2021-04-24T23:40:43","slug":"linaje","status":"publish","type":"page","link":"https:\/\/www.oceanodecontemplacion.com\/index.php\/linaje\/","title":{"rendered":"Linaje"},"content":{"rendered":"\t\t<div data-elementor-type=\"wp-page\" data-elementor-id=\"507\" class=\"elementor elementor-507\" data-elementor-settings=\"[]\">\n\t\t\t\t\t\t\t<div class=\"elementor-section-wrap\">\n\t\t\t\t\t\t\t<section class=\"elementor-section elementor-top-section elementor-element elementor-element-5131a13e elementor-section-height-min-height elementor-section-boxed elementor-section-height-default elementor-section-items-middle\" data-id=\"5131a13e\" data-element_type=\"section\" data-settings=\"{&quot;background_background&quot;:&quot;classic&quot;}\">\n\t\t\t\t\t\t<div class=\"elementor-container elementor-column-gap-default\">\n\t\t\t\t\t<div class=\"elementor-column elementor-col-100 elementor-top-column elementor-element elementor-element-1053ca7a\" data-id=\"1053ca7a\" data-element_type=\"column\">\n\t\t\t<div class=\"elementor-widget-wrap elementor-element-populated\">\n\t\t\t\t\t\t\t\t<div class=\"elementor-element elementor-element-3d99e122 elementor-widget elementor-widget-heading\" data-id=\"3d99e122\" data-element_type=\"widget\" data-widget_type=\"heading.default\">\n\t\t\t\t<div class=\"elementor-widget-container\">\n\t\t\t<h1 class=\"elementor-heading-title elementor-size-default\">Linaje<\/h1>\t\t<\/div>\n\t\t\t\t<\/div>\n\t\t\t\t\t<\/div>\n\t\t<\/div>\n\t\t\t\t\t\t\t<\/div>\n\t\t<\/section>\n\t\t\t\t<section class=\"elementor-section elementor-top-section elementor-element elementor-element-268d923 elementor-section-boxed elementor-section-height-default elementor-section-height-default\" data-id=\"268d923\" data-element_type=\"section\">\n\t\t\t\t\t\t<div class=\"elementor-container elementor-column-gap-default\">\n\t\t\t\t\t<div class=\"elementor-column elementor-col-100 elementor-top-column elementor-element elementor-element-417b495\" data-id=\"417b495\" data-element_type=\"column\">\n\t\t\t<div class=\"elementor-widget-wrap elementor-element-populated\">\n\t\t\t\t\t\t\t\t<div class=\"elementor-element elementor-element-2fa020f elementor-widget elementor-widget-text-editor\" data-id=\"2fa020f\" data-element_type=\"widget\" data-widget_type=\"text-editor.default\">\n\t\t\t\t<div class=\"elementor-widget-container\">\n\t\t\t\t\t<div class=\"elementor-text-editor elementor-clearfix\"><p>Jukai, Upaya Zen Center<\/p><\/div>\n\t\t\t\t<\/div>\n\t\t\t\t<\/div>\n\t\t\t\t<div class=\"elementor-element elementor-element-b14edba elementor-widget elementor-widget-text-editor\" data-id=\"b14edba\" data-element_type=\"widget\" data-widget_type=\"text-editor.default\">\n\t\t\t\t<div class=\"elementor-widget-container\">\n\t\t\t\t\t<div class=\"elementor-text-editor elementor-clearfix\"><h1 style=\"text-align:center; font-size:1.75rem;\">\n<strong>LINAJE<\/strong>\n<\/h1>\n<p style=\"text-align:center\">\n<i>Siguiendo los pasos de Buda y los Ancestros<\/i><br\/>\nBUDA Siddhartha Gautama (483ac \u2013 368ac)\n<\/p>\n<p style=\"text-align:center\">\n26 Ancestros<br\/>\nBodhidharma (Siglo V o VI)\n<\/p>\n<p style=\"text-align:center\">\n21 Ancestros<br\/>\nEihie Dogen Zenji (1200-1253)\n<\/p>\n<p style=\"text-align:center\">\n26 Ancestros<br\/>\nTaizan Maezumi Roshi (1931-1995)\n<\/p><\/div>\n\t\t\t\t<\/div>\n\t\t\t\t<\/div>\n\t\t\t\t\t<\/div>\n\t\t<\/div>\n\t\t\t\t\t\t\t<\/div>\n\t\t<\/section>\n\t\t\t\t<section class=\"elementor-section elementor-top-section elementor-element elementor-element-332affe elementor-section-boxed elementor-section-height-default elementor-section-height-default\" data-id=\"332affe\" data-element_type=\"section\">\n\t\t\t\t\t\t<div class=\"elementor-container elementor-column-gap-default\">\n\t\t\t\t\t<div class=\"elementor-column elementor-col-100 elementor-top-column elementor-element elementor-element-10d780c\" data-id=\"10d780c\" data-element_type=\"column\">\n\t\t\t<div class=\"elementor-widget-wrap elementor-element-populated\">\n\t\t\t\t\t\t\t\t<div class=\"elementor-element elementor-element-b6b9165 elementor-widget elementor-widget-text-editor\" data-id=\"b6b9165\" data-element_type=\"widget\" data-settings=\"{&quot;_animation_mobile&quot;:&quot;fadeIn&quot;}\" data-widget_type=\"text-editor.default\">\n\t\t\t\t<div class=\"elementor-widget-container\">\n\t\t\t\t\t<div class=\"elementor-text-editor elementor-clearfix\"><p style=\"font-weight: bold; font-size: 18pt; color: black;\">Roshi Taizan Maezumi<\/p><\/div>\n\t\t\t\t<\/div>\n\t\t\t\t<\/div>\n\t\t\t\t\t<\/div>\n\t\t<\/div>\n\t\t\t\t\t\t\t<\/div>\n\t\t<\/section>\n\t\t\t\t<section class=\"elementor-section elementor-top-section elementor-element elementor-element-de203b7 elementor-section-boxed elementor-section-height-default elementor-section-height-default\" data-id=\"de203b7\" data-element_type=\"section\">\n\t\t\t\t\t\t<div class=\"elementor-container elementor-column-gap-default\">\n\t\t\t\t\t<div class=\"elementor-column elementor-col-33 elementor-top-column elementor-element elementor-element-a1fe46d\" data-id=\"a1fe46d\" data-element_type=\"column\">\n\t\t\t<div class=\"elementor-widget-wrap elementor-element-populated\">\n\t\t\t\t\t\t\t\t<div class=\"elementor-element elementor-element-b61f243 elementor-widget elementor-widget-image\" data-id=\"b61f243\" data-element_type=\"widget\" data-widget_type=\"image.default\">\n\t\t\t\t<div class=\"elementor-widget-container\">\n\t\t\t\t\t<div class=\"elementor-image\">\n\t\t\t\t\t\t\t\t\t\t<img loading=\"lazy\" decoding=\"async\" width=\"801\" height=\"1024\" src=\"https:\/\/www.oceanodecontemplacion.com\/wp-content\/uploads\/2021\/03\/117067252_10158501782574297_621660585644421356_o-801x1024.jpg\" class=\"attachment-large size-large\" alt=\"roshi\" srcset=\"https:\/\/www.oceanodecontemplacion.com\/wp-content\/uploads\/2021\/03\/117067252_10158501782574297_621660585644421356_o-801x1024.jpg 801w, https:\/\/www.oceanodecontemplacion.com\/wp-content\/uploads\/2021\/03\/117067252_10158501782574297_621660585644421356_o-235x300.jpg 235w, https:\/\/www.oceanodecontemplacion.com\/wp-content\/uploads\/2021\/03\/117067252_10158501782574297_621660585644421356_o-768x982.jpg 768w, https:\/\/www.oceanodecontemplacion.com\/wp-content\/uploads\/2021\/03\/117067252_10158501782574297_621660585644421356_o-1201x1536.jpg 1201w, https:\/\/www.oceanodecontemplacion.com\/wp-content\/uploads\/2021\/03\/117067252_10158501782574297_621660585644421356_o.jpg 1318w\" sizes=\"auto, (max-width: 801px) 100vw, 801px\" \/>\t\t\t\t\t\t\t\t\t\t\t<\/div>\n\t\t\t\t<\/div>\n\t\t\t\t<\/div>\n\t\t\t\t\t<\/div>\n\t\t<\/div>\n\t\t\t\t<div class=\"elementor-column elementor-col-66 elementor-top-column elementor-element elementor-element-0a6c38e\" data-id=\"0a6c38e\" data-element_type=\"column\">\n\t\t\t<div class=\"elementor-widget-wrap elementor-element-populated\">\n\t\t\t\t\t\t\t\t<div class=\"elementor-element elementor-element-199db3d elementor-widget elementor-widget-text-editor\" data-id=\"199db3d\" data-element_type=\"widget\" data-widget_type=\"text-editor.default\">\n\t\t\t\t<div class=\"elementor-widget-container\">\n\t\t\t\t\t<div class=\"elementor-text-editor elementor-clearfix\"><p style=\"text-align:justify;\"><span style=\"font-weight: 400;\">Naci\u00f3 en Otawara Prefectura de Tochigi, Jap\u00f3n el 24 de febrero de 1931 y falleci\u00f3 a los 64 a\u00f1o el 15 de mayo de 1995 en Tokio, Jap\u00f3n, fue ordenado como monje novicio en el linaje Soto a los 11 a\u00f1os, en la escuela secundaria empez\u00f3 a estudiar el Zen con un instructor laico Rinzai Koryu Osaka, asisti\u00f3 a la Universidad de Komazawa donde obtuvo t\u00edtulos de literatura y filosof\u00eda orientales. Despu\u00e9s de la Universidad se form\u00f3 en Soj\u00ed-ji y luego como sacerdote en Zenshuji en Little Tokio en Los \u00c1ngeles, CA, vecindario japon\u00e9s-estadunidense. Trabaj\u00f3 en tiempo parcial en una f\u00e1brica.<\/span>\n<\/p><p style=\"text-align:justify;\">\n<span style=\"font-weight: 400;\">En 1959, estudio Ingles en la Universidad Estatal de San Francisco. El mismo a\u00f1o conoci\u00f3 a Shunryu Suzuki y por primera vez y ocasionalmente visit\u00f3 el templo de Suzuki, a principi\u00f3 de 1960 Maizumi empez\u00f3 a realizar Zazen en Zenshuji para estudiantes occidentales, lo que finalmente lo llevo a la apertura del Centro Zen de Los \u00c1ngeles, CA. En 1967.<\/span>\n<\/p>\n<p style=\"text-align:justify;\">\n<span style=\"font-weight: 400;\">Maezumi influyo mucho en el panorama Zen estadunidense dejando varios sucesores del Dharma incluidos\u00a0 Tetsugen Bernard Glassman, John Daido Loori,\u00a0 Joko Beck y otros que han fundado comunidades Zen propias.<\/span><span style=\"font-weight: 400;\">\u00a0<\/span>\n<span style=\"font-weight: 400;\">Maezumi muri\u00f3 inesperadamente mientras visitaba Jap\u00f3n 1995.<\/span><\/p><\/div>\n\t\t\t\t<\/div>\n\t\t\t\t<\/div>\n\t\t\t\t\t<\/div>\n\t\t<\/div>\n\t\t\t\t\t\t\t<\/div>\n\t\t<\/section>\n\t\t\t\t<section class=\"elementor-section elementor-top-section elementor-element elementor-element-28b1522 elementor-section-boxed elementor-section-height-default elementor-section-height-default\" data-id=\"28b1522\" data-element_type=\"section\">\n\t\t\t\t\t\t<div class=\"elementor-container elementor-column-gap-default\">\n\t\t\t\t\t<div class=\"elementor-column elementor-col-100 elementor-top-column elementor-element elementor-element-7a389f4\" data-id=\"7a389f4\" data-element_type=\"column\">\n\t\t\t<div class=\"elementor-widget-wrap elementor-element-populated\">\n\t\t\t\t\t\t\t\t<div class=\"elementor-element elementor-element-a1e67ac elementor-widget elementor-widget-text-editor\" data-id=\"a1e67ac\" data-element_type=\"widget\" data-settings=\"{&quot;_animation_mobile&quot;:&quot;fadeIn&quot;}\" data-widget_type=\"text-editor.default\">\n\t\t\t\t<div class=\"elementor-widget-container\">\n\t\t\t\t\t<div class=\"elementor-text-editor elementor-clearfix\"><p style=\"font-weight: bold; font-size: 18pt; color: black;text-align:right;\">Roshi Tetsugen Bernand Glassman<\/p><\/div>\n\t\t\t\t<\/div>\n\t\t\t\t<\/div>\n\t\t\t\t\t<\/div>\n\t\t<\/div>\n\t\t\t\t\t\t\t<\/div>\n\t\t<\/section>\n\t\t\t\t<section class=\"elementor-section elementor-top-section elementor-element elementor-element-32638a9 elementor-section-boxed elementor-section-height-default elementor-section-height-default\" data-id=\"32638a9\" data-element_type=\"section\">\n\t\t\t\t\t\t<div class=\"elementor-container elementor-column-gap-default\">\n\t\t\t\t\t<div class=\"elementor-column elementor-col-66 elementor-top-column elementor-element elementor-element-72f04bc\" data-id=\"72f04bc\" data-element_type=\"column\">\n\t\t\t<div class=\"elementor-widget-wrap elementor-element-populated\">\n\t\t\t\t\t\t\t\t<div class=\"elementor-element elementor-element-5ea7ab5 elementor-hidden-desktop elementor-hidden-tablet elementor-widget elementor-widget-image\" data-id=\"5ea7ab5\" data-element_type=\"widget\" data-widget_type=\"image.default\">\n\t\t\t\t<div class=\"elementor-widget-container\">\n\t\t\t\t\t<div class=\"elementor-image\">\n\t\t\t\t\t\t\t\t\t\t<img loading=\"lazy\" decoding=\"async\" width=\"1024\" height=\"768\" src=\"https:\/\/www.oceanodecontemplacion.com\/wp-content\/uploads\/2021\/03\/simposium_2-013-1024x768.jpg\" class=\"attachment-large size-large\" alt=\"\" srcset=\"https:\/\/www.oceanodecontemplacion.com\/wp-content\/uploads\/2021\/03\/simposium_2-013-1024x768.jpg 1024w, https:\/\/www.oceanodecontemplacion.com\/wp-content\/uploads\/2021\/03\/simposium_2-013-300x225.jpg 300w, https:\/\/www.oceanodecontemplacion.com\/wp-content\/uploads\/2021\/03\/simposium_2-013-768x576.jpg 768w, https:\/\/www.oceanodecontemplacion.com\/wp-content\/uploads\/2021\/03\/simposium_2-013-1536x1152.jpg 1536w, https:\/\/www.oceanodecontemplacion.com\/wp-content\/uploads\/2021\/03\/simposium_2-013-2048x1536.jpg 2048w\" sizes=\"auto, (max-width: 1024px) 100vw, 1024px\" \/>\t\t\t\t\t\t\t\t\t\t\t<\/div>\n\t\t\t\t<\/div>\n\t\t\t\t<\/div>\n\t\t\t\t<div class=\"elementor-element elementor-element-41fdd8d elementor-widget elementor-widget-text-editor\" data-id=\"41fdd8d\" data-element_type=\"widget\" data-widget_type=\"text-editor.default\">\n\t\t\t\t<div class=\"elementor-widget-container\">\n\t\t\t\t\t<div class=\"elementor-text-editor elementor-clearfix\"><p style=\"text-align:justify;\"><span style=\"font-weight: 400;\">Naci\u00f3 en Brooklyn, New York el 18 de Enero de 1939 y falleci\u00f3 el 4 de Noviembre de 2018 en Massachusetts, USA.\u00a0 Estudi\u00f3 ingenier\u00eda\u00a0 y despu\u00e9s de Titularse viajo a California para trabajar como Ingeniero Aeron\u00e1utico en McDonell-Douglas luego recibi\u00f3 su PH.D en matem\u00e1ticas aplicadas en la Universidad de los \u00c1ngeles, CA.\u00a0 Glassman tuvo su primer contacto con el Zen en 1958 y en 1960 empez\u00f3 a meditar buscando un maestro y as\u00ed se encontr\u00f3 con Maezumi Roshi, se convirti\u00f3 en uno de los miembros fundadores originales del Centro Zen de los \u00c1ngeles, CA. Recibi\u00f3 la trasmisi\u00f3n Dharma en 1976 y luego Inka en 1995 antes de la muerte de Maezumi Roshi. En 1980 fund\u00f3 la Comunidad Zen en New York.\u00a0 En 1996 Glassman, junto con su esposa Sandra Jishu Holmes fundan la Orden Zen Peace Makers<\/span>\n<\/p><p style=\"text-align:justify;\">\n<span style=\"font-weight: 400;\">Roshi Tetsugen Bernand Glassman muri\u00f3 a los 79 a\u00f1os por complicaciones de un derrame cerebral en Springfield, Massachusetts.<\/span><\/p><\/div>\n\t\t\t\t<\/div>\n\t\t\t\t<\/div>\n\t\t\t\t\t<\/div>\n\t\t<\/div>\n\t\t\t\t<div class=\"elementor-column elementor-col-33 elementor-top-column elementor-element elementor-element-cc14bf1\" data-id=\"cc14bf1\" data-element_type=\"column\">\n\t\t\t<div class=\"elementor-widget-wrap elementor-element-populated\">\n\t\t\t\t\t\t\t\t<div class=\"elementor-element elementor-element-c612f5b elementor-hidden-phone elementor-widget elementor-widget-image\" data-id=\"c612f5b\" data-element_type=\"widget\" data-widget_type=\"image.default\">\n\t\t\t\t<div class=\"elementor-widget-container\">\n\t\t\t\t\t<div class=\"elementor-image\">\n\t\t\t\t\t\t\t\t\t\t<img loading=\"lazy\" decoding=\"async\" width=\"1024\" height=\"768\" src=\"https:\/\/www.oceanodecontemplacion.com\/wp-content\/uploads\/2021\/03\/simposium_2-013-1024x768.jpg\" class=\"attachment-large size-large\" alt=\"\" srcset=\"https:\/\/www.oceanodecontemplacion.com\/wp-content\/uploads\/2021\/03\/simposium_2-013-1024x768.jpg 1024w, https:\/\/www.oceanodecontemplacion.com\/wp-content\/uploads\/2021\/03\/simposium_2-013-300x225.jpg 300w, https:\/\/www.oceanodecontemplacion.com\/wp-content\/uploads\/2021\/03\/simposium_2-013-768x576.jpg 768w, https:\/\/www.oceanodecontemplacion.com\/wp-content\/uploads\/2021\/03\/simposium_2-013-1536x1152.jpg 1536w, https:\/\/www.oceanodecontemplacion.com\/wp-content\/uploads\/2021\/03\/simposium_2-013-2048x1536.jpg 2048w\" sizes=\"auto, (max-width: 1024px) 100vw, 1024px\" \/>\t\t\t\t\t\t\t\t\t\t\t<\/div>\n\t\t\t\t<\/div>\n\t\t\t\t<\/div>\n\t\t\t\t\t<\/div>\n\t\t<\/div>\n\t\t\t\t\t\t\t<\/div>\n\t\t<\/section>\n\t\t\t\t<section class=\"elementor-section elementor-top-section elementor-element elementor-element-cd2b7dc elementor-section-boxed elementor-section-height-default elementor-section-height-default\" data-id=\"cd2b7dc\" data-element_type=\"section\">\n\t\t\t\t\t\t<div class=\"elementor-container elementor-column-gap-default\">\n\t\t\t\t\t<div class=\"elementor-column elementor-col-100 elementor-top-column elementor-element elementor-element-3211af0\" data-id=\"3211af0\" data-element_type=\"column\">\n\t\t\t<div class=\"elementor-widget-wrap elementor-element-populated\">\n\t\t\t\t\t\t\t\t<div class=\"elementor-element elementor-element-d6c79e5 elementor-widget elementor-widget-text-editor\" data-id=\"d6c79e5\" data-element_type=\"widget\" data-settings=\"{&quot;_animation_mobile&quot;:&quot;fadeIn&quot;}\" data-widget_type=\"text-editor.default\">\n\t\t\t\t<div class=\"elementor-widget-container\">\n\t\t\t\t\t<div class=\"elementor-text-editor elementor-clearfix\"><p style=\"font-weight: bold; font-size: 18pt; color: black;\">Roshi Joan Jiko Halifax<\/p><\/div>\n\t\t\t\t<\/div>\n\t\t\t\t<\/div>\n\t\t\t\t\t<\/div>\n\t\t<\/div>\n\t\t\t\t\t\t\t<\/div>\n\t\t<\/section>\n\t\t\t\t<section class=\"elementor-section elementor-top-section elementor-element elementor-element-08dc9c0 elementor-section-boxed elementor-section-height-default elementor-section-height-default\" data-id=\"08dc9c0\" data-element_type=\"section\">\n\t\t\t\t\t\t<div class=\"elementor-container elementor-column-gap-default\">\n\t\t\t\t\t<div class=\"elementor-column elementor-col-33 elementor-top-column elementor-element elementor-element-4e3d7c0\" data-id=\"4e3d7c0\" data-element_type=\"column\">\n\t\t\t<div class=\"elementor-widget-wrap elementor-element-populated\">\n\t\t\t\t\t\t\t\t<div class=\"elementor-element elementor-element-1db4f29 elementor-widget elementor-widget-image\" data-id=\"1db4f29\" data-element_type=\"widget\" data-widget_type=\"image.default\">\n\t\t\t\t<div class=\"elementor-widget-container\">\n\t\t\t\t\t<div class=\"elementor-image\">\n\t\t\t\t\t\t\t\t\t\t<img loading=\"lazy\" decoding=\"async\" width=\"320\" height=\"463\" src=\"https:\/\/www.oceanodecontemplacion.com\/wp-content\/uploads\/2021\/03\/Roshi-Joan-Halifax-2017-byKittyLeaken-FINAL-TALL-WEB-320x463-1.jpg\" class=\"attachment-large size-large\" alt=\"\" srcset=\"https:\/\/www.oceanodecontemplacion.com\/wp-content\/uploads\/2021\/03\/Roshi-Joan-Halifax-2017-byKittyLeaken-FINAL-TALL-WEB-320x463-1.jpg 320w, https:\/\/www.oceanodecontemplacion.com\/wp-content\/uploads\/2021\/03\/Roshi-Joan-Halifax-2017-byKittyLeaken-FINAL-TALL-WEB-320x463-1-207x300.jpg 207w\" sizes=\"auto, (max-width: 320px) 100vw, 320px\" \/>\t\t\t\t\t\t\t\t\t\t\t<\/div>\n\t\t\t\t<\/div>\n\t\t\t\t<\/div>\n\t\t\t\t\t<\/div>\n\t\t<\/div>\n\t\t\t\t<div class=\"elementor-column elementor-col-66 elementor-top-column elementor-element elementor-element-1e9010b\" data-id=\"1e9010b\" data-element_type=\"column\">\n\t\t\t<div class=\"elementor-widget-wrap elementor-element-populated\">\n\t\t\t\t\t\t\t\t<div class=\"elementor-element elementor-element-0c8271e elementor-widget elementor-widget-text-editor\" data-id=\"0c8271e\" data-element_type=\"widget\" data-widget_type=\"text-editor.default\">\n\t\t\t\t<div class=\"elementor-widget-container\">\n\t\t\t\t\t<div class=\"elementor-text-editor elementor-clearfix\"><p style=\"text-align:justify;\"><span style=\"font-weight: 400;\">Naci\u00f3 en Hanover, New Hampshire en 1942, en 1964 se gradu\u00f3 de la Universidad de Tulane en Nuevo Orleans, obtuvo su doctorado en Antropolog\u00eda Medica y Psicolog\u00eda en la Facultad de Medicina de la Universidad de Miami. Roshi Halifax ha recibido la trasminisi\u00f3n del Dharma y Inka de Roshi Bernard Glassman y Thich Nhat Hanh, adem\u00e1s de estudiar budismo por d\u00e9cadas con el Maestro Seung Sahn. En 1990 funda Upaya Institute and Zen Center ubicado en Santa Fe, NM, en donde es Abadesa y Maestra Gu\u00eda. Fundadora de la Cl\u00ednica N\u00f3mada en Nepal. En marzo de 2011 fue nombrada investigadora visitante en el Centro John W. Kugle, Biblioteca del Congreso.<\/span>\n<\/p><p style=\"text-align:justify;\">\n<span style=\"font-weight: 400;\">Como Budista Socialmente comprometida ha realizado un extenso trabajo con personas en sus \u00faltimos momentos de vida y a colaborada en diversas instituciones acad\u00e9micas y centros m\u00e9dicos alrededor del mundo con su <\/span><i><span style=\"font-weight: 400;\">Proyecto de acompa\u00f1amiento en el proceso de morir. <\/span><\/i><span style=\"font-weight: 400;\">Es miembro de la Junta Directiva en Mind &amp;\u00a0 Life Institute, una organizaci\u00f3n sin fines de lucro dedicada a explorar la relaci\u00f3n entre la Ciencia y el Budismo. Maestra y Escritora.<\/span>\n<\/p>\n<a href=\"https:\/\/www.upaya.org\/\"><span style=\"font-weight: 400;\">https:\/\/www.upaya.org\/<\/span><\/a><span style=\"font-weight: 400;\">\u00a0<\/span><\/div>\n\t\t\t\t<\/div>\n\t\t\t\t<\/div>\n\t\t\t\t\t<\/div>\n\t\t<\/div>\n\t\t\t\t\t\t\t<\/div>\n\t\t<\/section>\n\t\t\t\t\t\t<\/div>\n\t\t\t\t\t<\/div>\n\t\t","protected":false},"excerpt":{"rendered":"<p>Linaje Jukai, Upaya Zen Center LINAJE Siguiendo los pasos de Buda y los Ancestros BUDA Siddhartha Gautama (483ac \u2013 368ac) 26 Ancestros Bodhidharma (Siglo V o VI) 21 Ancestros Eihie Dogen Zenji (1200-1253) 26 Ancestros Taizan Maezumi Roshi (1931-1995) Roshi Taizan Maezumi Naci\u00f3 en Otawara Prefectura de Tochigi, Jap\u00f3n el 24 de febrero de 1931 &hellip;<\/p>\n<p class=\"read-more\"> <a class=\"\" href=\"https:\/\/www.oceanodecontemplacion.com\/index.php\/linaje\/\"> <span class=\"screen-reader-text\">Linaje<\/span> Leer m\u00e1s &raquo;<\/a><\/p>\n","protected":false},"author":1,"featured_media":0,"parent":0,"menu_order":0,"comment_status":"closed","ping_status":"closed","template":"","meta":{"footnotes":""},"class_list":["post-507","page","type-page","status-publish","hentry"],"_links":{"self":[{"href":"https:\/\/www.oceanodecontemplacion.com\/index.php\/wp-json\/wp\/v2\/pages\/507","targetHints":{"allow":["GET"]}}],"collection":[{"href":"https:\/\/www.oceanodecontemplacion.com\/index.php\/wp-json\/wp\/v2\/pages"}],"about":[{"href":"https:\/\/www.oceanodecontemplacion.com\/index.php\/wp-json\/wp\/v2\/types\/page"}],"author":[{"embeddable":true,"href":"https:\/\/www.oceanodecontemplacion.com\/index.php\/wp-json\/wp\/v2\/users\/1"}],"replies":[{"embeddable":true,"href":"https:\/\/www.oceanodecontemplacion.com\/index.php\/wp-json\/wp\/v2\/comments?post=507"}],"version-history":[{"count":46,"href":"https:\/\/www.oceanodecontemplacion.com\/index.php\/wp-json\/wp\/v2\/pages\/507\/revisions"}],"predecessor-version":[{"id":1104,"href":"https:\/\/www.oceanodecontemplacion.com\/index.php\/wp-json\/wp\/v2\/pages\/507\/revisions\/1104"}],"wp:attachment":[{"href":"https:\/\/www.oceanodecontemplacion.com\/index.php\/wp-json\/wp\/v2\/media?parent=507"}],"curies":[{"name":"wp","href":"https:\/\/api.w.org\/{rel}","templated":true}]}}